o - 19 = -1. What is the highest common factor of 190 and l?
10
Let w = 222 + -141. Suppose 2*m + s = 4*s + 87, -m - 5*s + 11 = 0. Suppose 4*n = -0*n + m. What is the greatest common divisor of w and n?
9
Let p = 14486 - 13266. Let j = 8 - -2. Calculate the greatest common divisor of p and j.
10
Suppose -23*m + 20*m = 5*u - 2721, 2*m + 2*u - 1818 = 0. Calculate the greatest common divisor of 48 and m.
48
Let l be -19*3*434/(-651). Calculate the highest common divisor of l and 2318.
38
Let r(l) = 9*l**2 - 20*l + 43. Let p be r(-19). Suppose -3*q - 31*q + p = 0. Calculate the highest common divisor of 135 and q.
27
Suppose 6800 = 63*q - 45*q + 50*q. Calculate the highest common factor of 1900 and q.
100
Let r be 4/(-3)*(262737/(-2))/37. What is the highest common divisor of r and 12?
6
Suppose 132*w = 56045 + 166639. Calculate the greatest common factor of w and 28.
7
Let q be (-23)/(-46) - (-1050)/4. Let d = q - 95. Calculate the highest common divisor of d and 14.
14
Suppose -2*p + 4*j = -1424, -2*j - 2140 = -663*p + 660*p. Calculate the highest common divisor of p and 6902.
238
Let h = 5 - 19. Let f be (-311)/(-7) - (-6)/h. Let u = 2074 - 2052. What is the greatest common divisor of f and u?
22
Suppose -39*b + 33125 = 48*b + 38*b. What is the greatest common divisor of b and 9381?
53
Suppose y - 97 = -71. What is the greatest common divisor of y and 6?
2
Suppose 5*s + h - 12 = 0, -4*h = s - 3*s - 4. Suppose c = -s*r + 404, -2*r + c = -5*r + 608. What is the greatest common factor of r and 24?
12
Let c = 26 - 20. Suppose c*x + 2*x = 4000. Suppose -5*v - z = -5*z - x, -300 = -3*v - 2*z. Calculate the greatest common factor of v and 20.
20
Suppose 38*x - 914 + 306 = 0. Let u(j) = 45*j - 1. Let f be u(-2). Let s = 235 + f. What is the greatest common factor of s and x?
16
Let k(m) = m**3 - 7*m**2 - 26*m - 78. Let h be k(11). Calculate the greatest common factor of h and 3880.
40
Let j(q) = 7*q**2 - 63*q - 15. Let p be j(13). Suppose 9*r - 3301 + p = 0. What is the highest common divisor of r and 16?
8
Suppose 2*a = a. Let u be -11 + (-1310)/(-60) + 1/6. Let m be 3553/u*(1 + a + 0). Calculate the highest common factor of 19 and m.
19
Let n be (-3)/18 + 622/(-12). Let m be ((-14)/8)/((-13)/n). Let c(w) = w**2 - 9*w - 2. Let p be c(m). Calculate the highest common factor of 10 and p.
10
Suppose 251*t - 65 = 226*t + 1835. Calculate the highest common factor of 3439 and t.
19
Suppose -628 = -4*w - 3*i, -2*w - i = -6*w + 612. Let v(s) = 7*s**2 + 2542*s - 5084. Let z be v(2). What is the highest common factor of w and z?
14
Suppose 2*l + 63 = 5*j - 17, -20 = -4*l. Suppose 0 = 3*m + 3*m - j. Calculate the highest common divisor of m and 21.
3
Let d be (32 + 172/(-5))/((-4)/5). What is the greatest common factor of 513 and d?
3
Let i be (3/1*(-206 + 205))/(6/(-10)). Suppose -60 = -2*g - g. Let a = g + i. What is the greatest common divisor of a and 50?
25
Let w(z) = -26*z + 1701. Let y be w(51). Calculate the highest common factor of 465 and y.
15
Suppose 5*v + 4*s = -68, -v + 0*s - 6 = -3*s. Suppose -405 = -8*i + 195. Let c = i + v. Calculate the greatest common divisor of 7 and c.
7
Let z be (3 - -3)/(-18)*-6. Let s be (-4 - (-1 - z))*8*-25. Suppose 0 = 3*d + 15, 3*f - 4*d - 95 = -0*f. What is the greatest common divisor of s and f?
25
Let u(g) = -g**2 - 51*g - 37. Let c be u(-42). Suppose 6*i - 169 - c = 0. Calculate the greatest common divisor of 34 and i.
17
Suppose -83*b - 1736 = -8376. Calculate the greatest common factor of b and 630.
10
Suppose 73*p - 181744 + 6033 = 0. What is the greatest common divisor of 415 and p?
83
Let a = -479 + 2607. Suppose -14*s + a = -0*s. Calculate the greatest common divisor of s and 57.
19
Let b(l) be the first derivative of 4*l**2 + 136*l + 260. Let t be b(-16). What is the highest common divisor of 672 and t?
8
Let k = 35308 - 34732. Calculate the greatest common divisor of 3136 and k.
64
Suppose -43*t + 40*t + 12 = 0. Let g be ((-1452)/(-6))/(t/6). What is the highest common factor of g and 11?
11
Let n be 0/(-1)*(-28)/56 + 680. Let a(w) = -6*w - 8. Let q be a(-7). Calculate the highest common factor of q and n.
34
Let h be 118/(360/(-171) + 2/19). Let k = h + 145. What is the highest common factor of k and 129?
43
Let p(y) = -y**3 + 38*y**2 - 47*y + 65. Let q be p(36). Suppose -16*c + 139 = -q. What is the highest common divisor of 46 and c?
23
Suppose -5*x - 3*u = -3, x - 2*u = -3*u - 1. Suppose 86 = x*m + 38. Calculate the greatest common divisor of m and 2.
2
Let w(f) = 2*f + 48. Let h be w(-24). Suppose -2*m + h*k = 2*k - 92, m + 4*k = 34. What is the greatest common divisor of m and 20?
10
Suppose 201*d = 216*d - 1545. Suppose -5*w = -4*o + d, 3*o + w - 37 = 64. Let s = -96 - -288. Calculate the highest common divisor of s and o.
32
Let y(g) = 4*g**3 - 2*g**2 + 3*g - 2. Let w be (-220)/(-14) - 54/(-189). Let p be (-2)/w + 66/16. Let a be y(p). What is the highest common divisor of 26 and a?
26
Let y = -31 - 234. Let k = -52 - y. Calculate the greatest common divisor of 3 and k.
3
Let p be (-2 + 97/(-4))/((-1)/(-4)). Let c = 113 + p. What is the highest common divisor of 4 and c?
4
Suppose 29*u + 5*b - 14 = 31*u, -b = 4*u - 38. Calculate the highest common divisor of 57 and u.
1
Let o = -178 - -169. Let v(t) = 8*t**2 - 40*t - 304. Let y be v(o). Calculate the highest common factor of y and 11.
11
Let s(p) = 19 + 27 - 2*p - 9*p + 0. Let o be s(-15). Suppose -4*l + 2*l = 4*c - 212, -o = -2*l - 5*c. Calculate the highest common factor of l and 24.
12
Let o be ((-78)/4)/(156/(-104)). Let b(x) = 19*x. Let d be b(-2). Let f = d - -90. What is the highest common factor of f and o?
13
Suppose -85*q + 84*q + 12034 = -2*t, -4*q + 3*t = -48126. What is the greatest common divisor of q and 30?
30
Suppose 1423 = 4*i + 487. Suppose -170 + i = 2*n. What is the highest common divisor of 64 and n?
32
Let x be (129/9 - -3)/(9/((-19170)/(-20))). What is the highest common divisor of 52 and x?
26
Suppose -8*s - 3476 = -30*s. Suppose -5*n + 223 = s. What is the highest common divisor of 104 and n?
13
Let l = 15563 - 9455. What is the highest common factor of l and 12?
12
Let n(j) = -j**2 - 8*j - 1. Let p be n(-4). Suppose -493 - 377 = -p*v. What is the highest common divisor of v and 1856?
58
Let z(b) = b**3 + 14*b**2 + 22*b - 112. Let h be z(-11). Calculate the greatest common factor of 1362 and h.
3
Let p = 3391 + -3375. What is the greatest common factor of p and 1648?
16
Let q = -114 - -143. Let i = -23 + q. What is the greatest common factor of 9 and i?
3
Let f = 22434 - 21626. Calculate the highest common factor of f and 2727.
101
Let h be (-46)/(-10) - (-2)/5. Suppose h*a - 90 = -0. Let k be -55*(-44)/(-110) - -76. Calculate the greatest common factor of k and a.
18
Let w be 526 + 0 - (40/340 + 30/34). Calculate the highest common divisor of w and 735.
105
Let d be (-4 + 77/21)/(3 + (-7080)/2358). Calculate the highest common divisor of d and 655.
131
Suppose -3*n - d = -53 - 9, -8*n = 4*d - 164. Calculate the highest common factor of 4158 and n.
21
Let l = -480 - -712. Let h = 204 + -27. Let a be 11/(-22) - h/(-6). Calculate the highest common factor of a and l.
29
Let c be (52/5)/((-4)/(-5) + -1). Let i = 117 + c. Calculate the greatest common factor of 585 and i.
65
Suppose 3*c = -2*a - 779 + 2023, 3*a = 4*c - 1653. Calculate the greatest common factor of c and 1426.
46
Let l(r) = r**3 + 5*r**2 + r - 2. Let d be l(-4). Suppose -17100 = 535*i - 1675*i. What is the highest common divisor of i and d?
5
Let o(b) = -46*b**2 + 2704*b - 121. Let s be o(57). What is the highest common divisor of s and 1099?
157
Suppose 9*p - 1876 = 2498. Suppose -12*j + p = -1098. Calculate the highest common factor of 12 and j.
12
Suppose 5931 = 4*z - 5*f - 20301, 13116 = 2*z - f. Suppose -z*t = -6553*t - 1360. Let n = 22 + -5. What is the highest common divisor of n and t?
17
Let j(l) = -124*l - 3953. Let x be j(-32). Calculate the greatest common divisor of 6465 and x.
15
Suppose 3*c = 4*v - 1317, -68*v + 65*v + c = -989. Calculate the greatest common divisor of 14080 and v.
110
Let r = -13563 - -13579. What is the greatest common factor of r and 4224?
16
Let a(j) = j**2 - 92*j + 2157. Let m be a(53). Let d be (-651)/(-9) - (-2)/(-6).